 3 + 3. Let f(i) = 2*i**2 + 102*i + 877. Let v be f(-40). What is b(v)?
6
Suppose 2*v - 7*v = -2*l - 35, 5*v - 4*l = 45. Let b(y) be the second derivative of y**4/12 - 3*y**3/2 + 5*y**2/2 - 28*y. What is b(v)?
-15
Let s(p) = -412*p - 32 - 13 + 410*p. Determine s(-7).
-31
Let p(i) = -4*i**2 + 48*i - 25. Let s(b) = -2*b**2 + 2*b - 4. Let c(q) = p(q) - s(q). Determine c(0).
-21
Let r(g) be the third derivative of -g**6/120 + 2*g**5/15 + g**4/8 - 2*g**3 + 72*g**2 - g. Calculate r(8).
12
Let z = -267 - -261. Let l(q) = -5*q + 8. Let o(d) = -d. Let s(f) = l(f) - 6*o(f). Calculate s(z).
2
Let t(k) be the first derivative of -k**4/4 + 2*k**3 + 9*k**2/2 - 47*k + 42. Let u be t(6). Let z(w) = -2*w + 4 + 4*w - 14. Give z(u).
4
Let y(d) be the second derivative of d**4/12 - 16*d**3/3 - 14*d**2 + 86*d - 9. Calculate y(33).
5
Let f(j) = -6*j**2 + 65*j - 122. Let q be f(2). Let d(n) = n**2 + 11*n - 81. Calculate d(q).
-1
Let h(v) = -9*v - 11*v**2 + 8*v + 5 + 5 - v**3 - 4 - 11*v. Calculate h(-10).
26
Let p = 3682 + -3680. Let i(u) be the first derivative of -u**3/3 + 2*u**2 - 3*u + 9. Calculate i(p).
1
Suppose -3*g = -g + 5*v + 1, -4*g = 4*v - 28. Let k(x) = -x**2 + 13*x - 4 + g*x**2 - 7*x**2. Let j be k(-4). Let h(m) = m**3 - 8*m**2. What is h(j)?
0
Let m = 23492 - 23491. Let p(w) be the second derivative of 0 - w + 0*w**2 + 1/6*w**3. Give p(m).
1
Let b = -38 - -46. Let u(h) = -5*h + 7*h**2 - 6*h**2 + 145 - 133. Determine u(b).
36
Let f(w) be the first derivative of -w**3 - 79 - 5*w - 3/2*w**2 - 1/4*w**4. Calculate f(-4).
23
Let h(y) = y**3 - 4*y**2 - y + 11. Suppose j = -2*t + 2, 147*j - 8 = -5*t + 143*j. Determine h(t).
11
Suppose -9*w + 14*w = -45. Let o be (-7 - w)/((-2)/6). Let c(k) = -k**2 - 4*k + 5. Determine c(o).
-7
Let y(p) = p**2 + 1. Let a(h) = -h**3 + 5 - 12*h**2 + 2*h + 20*h**2 + 3 - 10*h**2. Let j(o) = a(o) - 3*y(o). Let m be (16/24)/((-2)/15). Determine j(m).
-5
Let a be (2 - -17) + 11 + -22. Let l(t) = -t**3 + 9*t**2 - 6*t + 7. Give l(a).
23
Let b = -258 + 263. Suppose -b*l - 2*i = 13, 3*i - 5 = -2. Let q(n) = 3*n + 2. Give q(l).
-7
Let u(w) be the first derivative of 13*w**2/2 + 10*w + 716. Calculate u(-2).
-16
Let c(b) = -5*b**2 - 4*b - 3. Let n be 704/176 - 1*-23*1. Suppose -11*r = -20*r - n. Calculate c(r).
-36
Let n(z) = 3*z**2 - 3*z. Suppose 4*v = -2*c + 14, v - 4 = -c + 5. Suppose -f + 6*f = -4*m - 17, -2*m = 3*f + c. Give n(m).
6
Let j(x) = 6*x - 10. Let a(l) = 11*l + 266. Let q be a(-24). Determine j(q).
2
Let m(j) = -2*j**3 - 42*j**2 + 37*j + 8. Let z(b) = -14*b**3 - 299*b**2 + 260*b + 55. Let d(v) = 15*m(v) - 2*z(v). What is d(-17)?
-7
Let j(i) = i**2 + i - 106. Suppose -183*a - 231 = -162*a. Give j(a).
4
Let g(d) = -d**2 - 15. Let l = 71 + -66. Suppose -5*a - 3*t - 9 = 0, 3*t - 15 = -l*a + 8*t. Determine g(a).
-15
Let z(o) = -o**2 - 1. Let b = -25 + 45. Suppose -113*d + b = -108*d. Suppose -4*u = -4*k, d*u = 2*u. Determine z(k).
-1
Let p(r) = 9*r + 1262 - 635 - 657. Give p(3).
-3
Let m(z) = -z**3 - z**2 + 2*z - 1. Let r(i) = i**3 - 5*i**2 - 11*i - 11. Let p be r(7). Suppose -50 = -p*g + 5*g. Suppose -g*w = -5*w + 10. Determine m(w).
-1
Let s(y) be the third derivative of -y**6/120 - 11*y**5/60 + 2*y**4/3 + y**3/2 + 406*y**2 + 2. Calculate s(-12).
-45
Let g = 106 - 104. Suppose 2 - 47 = -2*f + 5*n, 0 = -f - g*n. Let b(i) = 3*i + 19 - 4*i**2 - 27 + f + i**3. Give b(3).
2
Let t(f) be the first derivative of -95*f**2/2 - 2*f - 1046. Give t(1).
-97
Let g(k) = 42*k - 22*k + 44 - 12*k - 52 - 4*k**2 + 3*k**2. Determine g(7).
-1
Let t(r) = -5*r + 29. Suppose -5*s + i = 111 - 147, -4*i + 31 = 5*s. Determine t(s).
-6
Let i = 205 - 208. Let t(l) = -3*l**3 + 8*l**2 + 4*l - 2. Let b(r) = -2*r**3 + 7*r**2 + 3*r - 2. Let g(q) = i*t(q) + 4*b(q). What is g(-3)?
7
Let s(g) = -15*g**3 + 14*g**2 + 6*g + 3. Let k(x) be the first derivative of 5/3*x**3 + x**2 + x + 8 - 5/4*x**4. Let y(v) = 8*k(v) - 3*s(v). Give y(-1).
-6
Let t(x) = -4*x + x - 2*x + 8. Suppose -3*o = -4*r - 48, -1234*r - 25 = -4*o - 1233*r. Calculate t(o).
-12
Let k(j) = j - 2. Suppose -14*i = i - 1275. Suppose -81*v + i*v + 20 = 0. Determine k(v).
-7
Let c = 379 + -381. Let s(t) = -17*t - 1. What is s(c)?
33
Let m(b) = -21*b**3 - 63*b**2 - 9 + 69*b**2 + 22*b**3 - b. Calculate m(-5).
21
Let q(n) = -n**2 + 7*n + 7. Suppose 6390 = 4*d + 6354. Give q(d).
-11
Let f(j) = -141*j - 5*j**2 + 2*j**2 - 148*j + 426*j - 146*j - 3. Determine f(-5).
-33
Let f be (-4)/30 + ((-446)/(-15))/(-2). Let g(b) = -31*b - 213. Let x(a) = 7*a + 49. Let i(c) = -4*g(c) - 18*x(c). Give i(f).
0
Let p(l) = -22568 + 22402 - 14*l**2 + l**3 - 32*l + 10*l. Give p(16).
-6
Let d be 0 - -5 - (-1 - -2). Suppose d*t = o + 18, -o + 2*t - 8 = -0*o. Let j = o + 3. Let h(u) = u**2 - 7*u + 1. Determine h(j).
-9
Let z(u) = -u**2 - u - 1. Suppose 45*y - 20*y = 21*y. What is z(y)?
-1
Let l(r) = -7*r**2 + 13*r + 18. Let d(b) = -b**2 + b + 2. Suppose -5*y = 4*y - 9. Let s(v) = y*l(v) - 6*d(v). Calculate s(8).
-2
Suppose 5*b = -2*s + 11, -3*b = -0*s - 5*s + 12. Let f = 6 - s. Suppose -29 = -f*p + 5*d, -19 = 4*d - 3. Let x(n) = n**3 - 4*n**2 + 2*n - 4. What is x(p)?
-7
Let h = 61 + -13. Let j = h - 55. Let t be 11/j - (-16)/28. Let u(b) = -9*b + 1. Give u(t).
10
Let f = -48 - -41. Let n be ((-24)/20)/2 + 53/5. Let h(m) = -11*m**3 - 1 + 20*m**3 - 3 - 7*m**2 - n*m**3 + m. Determine h(f).
-11
Let j(d) = 2 + d**3 + 7*d**2 + d + 4*d - 5. Suppose -2*v - 725 + 706 = 3*g, 4*g + 27 = -3*v. Calculate j(v).
22
Let n(t) be the third derivative of t**6/120 - t**5/30 - 25*t**3/3 + 713*t**2 + 3*t + 2. What is n(0)?
-50
Let k(m) be the third derivative of -m**7/5040 - 7*m**6/720 + 67*m**5/60 + m**4/24 + 2*m**2 + 15. Let a(q) be the third derivative of k(q). Give a(-8).
1
Let u(i) be the second derivative of i**6/360 + 7*i**5/60 + i**4/6 - i**3/2 + 3*i**2/2 + 22*i. Let o(b) be the second derivative of u(b). Give o(-14).
4
Let f(l) = 37 - 25*l - 25 + 2*l + 29*l + 32. Give f(-13).
-34
Let u(p) = -4*p**2 + 8*p + 21. Let c be u(-4). Let r = 116 + c. Let w(s) = 42 - 4*s - 5*s + 2*s - r. Give w(4).
-27
Suppose 5*r - 4*m + 15 = 37, 2*r = -2*m + 16. Let d(b) = b - 5*b - r + 3*b - b. Suppose 2*i - 4*n = 4 - 0, 4*n = i - 10. Determine d(i).
6
Let y(l) be the first derivative of l**3/3 - 3*l**2/2 + 2*l - 1616. Determine y(3).
2
Let q(z) = 3*z**2. Let v(g) = 14*g - 67. Let k be v(-8). Let p = k + 177. What is q(p)?
12
Let l(b) be the third derivative of -1/120*b**6 + 13/6*b**3 + 126*b**2 + 0 + 0*b + 3/8*b**4 - 1/12*b**5. Calculate l(-6).
-5
Let y be (-62)/(-16) - (-3)/24. Let l(d) be the first derivative of -d + 24 - 1/3*d**3 + d**2 - 25/4*d**y. Determine l(1).
-25
Let o = 20857 - 20868. Let u(b) = 35*b**2 + 384*b - 16. What is u(o)?
-5
Let s(x) be the first derivative of 1/3*x**3 - 7/2*x**2 - 34 + 2*x. What is s(6)?
-4
Let i(a) be the first derivative of a**4/4 + 5*a**3 + 6*a**2 - 20*a + 412825. Let b = -6 + -8. Give i(b).
8
Let y(w) = w - 4. Let a(b) = 2*b - 4. Let n(d) = -2*a(d) + 3*y(d). Suppose 20*l - 25*l = 30. Let q be (-8)/6 + 16/l. What is n(q)?
0
Let s = -3464 + 3466. Let a be ((-13)/4 - -2)*-4. Let i(c) = 12*c - a*c - 2*c**s - 5*c + 2. Give i(3).
-10
Suppose -9*a - 136*a = -9*a. Let i(x) = -x**2 + 5*x + 42. Calculate i(a).
42
Let d(v) be the first derivative of -v**2 - 26*v + 1429. Determine d(9).
-44
Let i(h) be the second derivative of h**4/12 - 7*h**3/6 - 7*h**2/2 - h. Let y(m) = -9 + 69 + 72 - 6*m. Let z be y(21). What is i(z)?
-13
Let m(o) = -o**2 + 7*o + 10. Let x = -1167 + 1869. Let f be x/(-90) + (-2)/10. Let t = 16 + f. Calculate m(t).
2
Let i(x) be the first derivative of -2/3*x**3 + x**2 + x + 102. Determine i(-2).
-11
Suppose -3*n + 24 = 3*c, -5*n + 19 + 27 = 2*c. Let d be (0 + -1)*(n - 8). Let f be 81/(-15) - d/5. Let h(s) = -s**2 - 5*s + 2. Give h(f).
2
Let v(i) = i - 7. Let n be (-1)/1 + 9/1. Suppose -3*c - 4*h = -64, -c + 2*h + 0 = -n. Suppose 5*o - 4*y = -c, y = -3*o - 0*o + 4. Determine v(o).
-7
Let d(s) = -10*s + 91. Let o be 5/(((-100)/450)/((-4)/9)). What is d(o)?
-9
Let v(z) = 2*z**3 - 3*z**3 + 5*z**2 - 14 + 10*z - 4 + 12. Determine v(6).
18
Let h be 506/(-230) + 84/20. Let j(w) be the second derivative of 17*w**3/6 + w**2/2 - 2*w. Give j(h).
35
Let i(f) = f**2 + 11*f + 9. Let k be 1735/(-5) + 3 + (-3)/(-3). Let y = k + 334. Det